ens digit of i?
2
Suppose -5*l + 63 - 17 = -2*f, -2*l + 3*f + 25 = 0. Suppose i - 155 = -2*y, -464 = -3*i - l*y + 3*y. What is the tens digit of i?
5
Let n(l) = -l**3 - 13*l**2 - l - 5. Let z be n(-13). Suppose z*b - 1001 = b. What is the tens digit of b?
4
Suppose -161993 = -130*w + 139997. What is the hundreds digit of w?
3
Suppose -21*t = -11*t. Suppose -4*d + 361 + 423 = t. What is the tens digit of d?
9
Let y(l) = -2*l**2 - 2 - 5*l**2 + 2*l**2 - l**3 - 3*l. What is the units digit of y(-6)?
2
Let q be ((-10)/(-15))/(4/(-18)). Let x be 3 - (q - -21)/3. What is the units digit of (-22 + -2)*x/6?
2
Suppose -6*g + 6 = -4*g. Suppose -c = -g*c + 6. Suppose c*v = 26 + 28. What is the tens digit of v?
1
Let j be ((-114)/4)/(12/24). Let a = j + 189. What is the hundreds digit of a?
1
Suppose 5*u + i + 7 = 17, -5*i + 10 = 5*u. Suppose -5*n + u*n + 4*d = -24, -3*d - 51 = -5*n. What is the units digit of n?
2
Suppose b = c - 103, 12*b = 15*b + 12. What is the units digit of c?
9
Suppose -50 = 4*z - 2. Let x be 7/42 + 2/z. Suppose x = a + 5*q - 1, -3*a - 6*q = -2*q - 25. What is the tens digit of a?
1
Let p = 3 + 9. Suppose 0 = -2*q + 40 - p. What is the tens digit of q?
1
Suppose 2*l - 4*j = -116, 4*l - 4*j - 10 = -258. Let u = -31 - l. What is the tens digit of u?
3
Let m(s) = 7*s + 680. What is the tens digit of m(-37)?
2
Let m(g) = g**2 - 12. Let b be m(4). Suppose 3*d = -5*t + 299, t + 2*t - 162 = b*d. What is the tens digit of t?
5
Let n(g) = 338*g**2 - 41*g + 41. What is the tens digit of n(1)?
3
Let f = -42 + 11. What is the tens digit of f/(3/(1 + -10))?
9
Let x(g) = 66*g**2 - 5*g - 5. What is the units digit of x(-3)?
4
Suppose -15*f + 14*f + 88 = c, 280 = 3*f - 5*c. What is the tens digit of f?
9
Suppose -2*z - 172 = -5*l, -2*l + 4*z + 0*z = -56. Let n = 64 - l. What is the tens digit of n?
2
What is the units digit of (-8165)/(-25) - ((-18)/(-5) - 3)?
6
Let y(b) = -61*b + 217. What is the hundreds digit of y(-10)?
8
Let y(k) = 2*k**2 - 70*k + 271. What is the thousands digit of y(45)?
1
Suppose -3*l = -17 + 50. Let z(i) = -30 - 1 - 10*i + 0 + 3*i + 6. What is the units digit of z(l)?
2
Let s = -59 - -245. What is the units digit of s?
6
Let s = 14 - 5. What is the tens digit of 3/s - 910/(-15)?
6
Let z(b) = 3*b + 17. Let n be z(10). Let c = 27 + n. What is the tens digit of c?
7
Suppose 0 = 2*v + 4*c - 364 - 434, 3*c - 12 = 0. Let u = -187 + v. What is the hundreds digit of u?
2
What is the hundreds digit of (-632)/(-72) - 9 - 3028/(-18)?
1
Suppose -9 = 2*b - 5*b. Suppose -b*f = 5*m + 16 - 71, -3*m - 2*f + 33 = 0. Suppose -8*z - 27 = -m*z. What is the units digit of z?
9
Let s = -24 + 22. Let z be 1 + (4 - (3 - s)). Suppose z = 4*f - 161 - 3. What is the tens digit of f?
4
Let p = 129 - -159. What is the hundreds digit of p?
2
What is the tens digit of 0 + -5 - -8 - (-2928)/6?
9
Suppose 3*v + 0*v - 1992 = 3*f, 5*v + 3*f = 3312. What is the tens digit of v?
6
Suppose -3*c + 2 = 5. Let v(i) = -19*i**2 + 2*i + 1. Let w be v(c). Let g = w + 27. What is the units digit of g?
7
Suppose 0 = -3*a + 3*z - 70 - 53, 5*z = 0. Let o = a + 112. What is the units digit of o?
1
Let d(l) = 470*l + 572. What is the thousands digit of d(5)?
2
Let r = -97 + 140. Suppose 0 = -4*k - 0*o + 5*o + r, -3*k - 2*o = -15. What is the units digit of k?
7
Let p be 2*((-124)/8 - -4). Let f = p - -15. Let c(x) = -5*x - 14. What is the units digit of c(f)?
6
Suppose 4*a + 25 = 5*t, -2*t + 5*t = 3*a + 15. What is the tens digit of 60/(t*(-4)/(-20))?
6
Let f be (8 - 8)/(1/(-1)). Suppose f = 5*j - 15, -3*w + 31 = 5*j - 2. What is the units digit of ((-2)/w)/(9/(-216))?
8
Suppose -5*w = 2*d + 6, 5*d - 2*w + 0*w + 73 = 0. Let n(o) = o**3 + 14*o**2 + 6*o - 14. What is the tens digit of n(d)?
7
Suppose -5*y = u - 57, 2*y - 4*y + 26 = 2*u. Suppose -3*f - r = -13, -4*f + 13 = 3*r - y. Let d = f - 1. What is the units digit of d?
2
Let l(s) = 9*s**2 - 4. Let i be l(-3). Suppose 0 = 4*p - 5*a - i, 25 + 11 = 2*p - 2*a. What is the units digit of p?
3
Let s(w) = -w**3 + 33*w**2 + 86*w - 35. What is the units digit of s(32)?
1
Let a(o) = 254*o**3 + 3*o**2 - 4*o + 1. What is the units digit of a(1)?
4
Let g be (-12)/(-42) + 19/7. Let s = g - -25. What is the tens digit of s?
2
Suppose 2*d = -6*d + 656. What is the units digit of d?
2
Let s(b) = b**3 - 4*b**2 - 6*b + 8. Let u be s(5). What is the tens digit of (9 + -1)*(u + (-85)/(-20))?
5
Suppose -16 = -t + 14*a - 10*a, -79 = -4*t + a. What is the tens digit of t?
2
Suppose -4*b + 3*y = -y - 528, 5*b - 658 = 3*y. Let s = b + -63. Suppose t - 60 = -2*q, 0 = -3*q - 3*t + s + 25. What is the units digit of q?
9
Let l = 58 - 36. Suppose 18 = 23*j - l*j. What is the tens digit of j?
1
Let h be 189/(-28)*(-88)/3. Suppose y + 3*i + 2*i - 111 = 0, 4*i = -2*y + h. What is the units digit of y?
1
Suppose -c = -3*a + 276, -3*c + 452 = 5*a - 2*c. What is the units digit of a?
1
Suppose -97 = 2*s - c, 0*c = -3*s + 5*c - 163. Let x = s + 128. What is the tens digit of x?
8
Let u = 20 - 14. Let h be -2*((-165)/u - 2). Suppose 0 = 5*c - h + 14. What is the units digit of c?
9
Suppose 2*k = -2*i + 2, 0*k - 3*k + 2*i + 18 = 0. What is the tens digit of 304/6 + k/(-6)?
5
Let z(p) = -p**3 - 14*p**2 - p - 14. Let f be z(-14). Let o = f - -1. What is the units digit of (3/(-6))/(o/(-56))?
8
Suppose -4*l + 2*n - 157 = 7*n, 2*n + 109 = -3*l. Let m = -14 - l. Let z = 27 - m. What is the units digit of z?
8
Let a(t) = t - 10. Let r be a(12). Suppose -r*l + 131 = -197. What is the tens digit of l?
6
Suppose 27*c - 1216 = 25*c. What is the tens digit of (c/(-24))/(1/(-3))?
7
Suppose 0 = 2*z - 3 - 3. Let v(u) = -u**3 + 4*u**2 - u - 2. Let c be v(z). Suppose -g - 3*g - 3*a + 34 = 0, c*a + 8 = 0. What is the tens digit of g?
1
Let x = -561 - -2797. What is the tens digit of x?
3
Suppose 27 = 2*u + 21. Let s = u + 1. Suppose s*j + p = 126, 5*j + 4 = 4*p + 151. What is the tens digit of j?
3
Suppose 3*l = 2*l + 20. Suppose -r + 3*m - 3 = -4*r, 2*r - 4*m - l = 0. Suppose -r*x = t - 6, -2*x - 5 = -x - 3*t. What is the units digit of x?
1
Suppose -614*s + 609*s + 4060 = 0. What is the tens digit of s?
1
Let h be 0/((-4)/5 + 1/(-5)). What is the tens digit of 77 - h*(-5)/10?
7
Suppose -n = -10 - 15. Suppose 4*h = -4*f + 120, h - f = n + 1. What is the tens digit of h?
2
Let j = 563 + -266. What is the units digit of j?
7
Let q = 248 - 456. Let t = q - -348. Suppose -4*z = -9*z + t. What is the tens digit of z?
2
Suppose -2*c + 6*c = 0, 0 = -4*s - 4*c - 1476. What is the tens digit of s/(-21) - 3/(-7)?
1
Suppose -5*n + 94 - 19 = 0. Let p = -10 + n. Let r(v) = -v**3 + 5*v**2 + 7*v - 1. What is the units digit of r(p)?
4
Let d(q) = -q**3 - 6*q**2 + q. Let s be d(-5). Let u = s - -156. What is the tens digit of u?
2
Let s be 10/2 - (-16 - -19). What is the tens digit of ((-11)/s)/(13/(-182))?
7
Suppose -10*p = -9*p - 404. What is the hundreds digit of p?
4
Let y(w) = -100*w**3 + w**2 + 2*w + 1. Let l(f) = -2*f**3 + 38*f**2 + f - 20. Let n be l(19). What is the tens digit of y(n)?
0
Let y be (-4)/10 - 34/(-10). Suppose 5*w = a + 5, -24 = -y*a - a - 2*w. Suppose c - 73 = -2*c - o, 5*o = a*c - 95. What is the tens digit of c?
2
Let o = 13 + -13. Suppose o = 2*v + v - 147. What is the tens digit of v?
4
Let c = -43 - -8. Let y = -7 - c. Suppose 5*s - 95 = 4*k + y, -k = s - 30. What is the units digit of s?
7
What is the hundreds digit of 19452/38 + (-42)/(-399)?
5
Let o(v) = -v**3 - 14*v**2 - v + 4. Let j be o(-14). What is the tens digit of 4/j + (-1521)/(-81)?
1
What is the hundreds digit of (8/6)/(40/17310)?
5
Let s(l) = -5*l + 1. Let q be s(-1). Suppose 0 = q*n - 222 - 30. What is the tens digit of n?
4
Suppose 0 = 4*a - 8 + 4. Let i be (-187 - -3)*-1 - a. Suppose -2*l + 24 = m, 3*m - 5*l = i - 56. What is the units digit of m?
4
What is the thousands digit of 4 - -1*1973/1?
1
Suppose -183 = 7*s - 8*s. Let d = -105 + s. What is the units digit of 2*(d/(-2))/(-3)?
6
Let h be -1 - -1 - -8 - 4. Let b = -1 - -1. What is the units digit of 50 + (b/(-1) - h)?
6
Let m(u) = -87*u - 90. What is the hundreds digit of m(-14)?
1
Suppose 6*k + 19 = 7*k. Let x = 39 - k. Suppose c = x - 4. What is the tens digit of c?
1
Suppose 0 = -40*t + 50*t - 420. What is the tens digit of t?
4
Suppo